
Let l = 10 - 8. Let k(m) = -4 + 7*m - m + m - m**l. What is k(6)?
2
Let k(l) = -2*l**2 - 2*l. Let z be k(-2). Suppose 9 = -2*x + x - 2*o, 5*x + 12 = o. Let c = z - x. Let t(y) = -y**2 - y - 1. Give t(c).
-1
Let x = 31 - 29. Let n(r) = -r**3 - r**2 + 2*r - 2. Calculate n(x).
-10
Suppose 5*d + 0 - 20 = 0. Let r(g) = -g**2 + 7*g - 6. Let h be r(6). Suppose y + d*y + 10 = h. Let j(b) = 2*b**2 + 2*b + 2. What is j(y)?
6
Let f = -7 - -6. Let q = 2 + f. Let k(w) = -5*w**3 - w**2 + 2*w - 1. What is k(q)?
-5
Let x be 4/14 - 116/14. Let m = 11 + x. Let u(t) = 2*t**2 + 0*t**m - 1 - t**3 + 2*t**3 + t. Give u(-2).
-3
Let f(p) = 2*p**3 - 2*p**2 - 2*p - 1. Let d(h) = -h - 1. Let i(y) = -d(y) + f(y). Let l = -5 - -9. Let v be (-6)/l - (-8)/16. What is i(v)?
-3
Let o be 5 + -2 - 0 - 0. Let i(n) = -n**3 + 5*n**2 - 3*n - 1. What is i(o)?
8
Suppose z + 4 = 5*z. Let d = z - -1. Suppose 0 = -4*w - d*q - q + 2, 4*q = -w - 6. Let i(g) = -g**2 - g + 1. Calculate i(w).
-5
Suppose f - 2*y + 0 = 2, 3*y + 3 = 5*f. Let c(o) = -o**3 - o**2 - 9. Calculate c(f).
-9
Let h(j) = j - 4. Let m be h(-2). Let s(o) = o**2 + 4*o - 7. Give s(m).
5
Let c(n) be the first derivative of -7/2*n**2 - 1 - 1/3*n**3 - 2*n. What is c(-4)?
10
Let s(g) = -g**3 - 2*g**2 - 3. Let a(c) = c**3 + 6*c**2 + 6*c + 2. Let b(t) = t + 1. Suppose -8 + 2 = q. Let h be b(q). Let m be a(h). What is s(m)?
6
Let z(x) be the first derivative of 7*x**2/2 - 22. Let u be ((-6)/15)/(4/(-20)). Determine z(u).
14
Let c(t) = -16*t**2 + 1. Let i = -40 - -39. Give c(i).
-15
Suppose 5 = -w - 4*w. Let h(q) = 9*q**2 - 1. Give h(w).
8
Let j(p) = -p - 2*p**2 + 2*p**2 + p**3. Let a = 8 - 7. Give j(a).
0
Let x(y) = 2 - 5 + 2*y + 3. Determine x(-1).
-2
Let y(c) = 6 - 2 - c**2 + 4*c - 3 - 3*c - 6*c**3. Suppose 3 + 1 = -4*a. What is y(a)?
5
Let a(f) = f**3 - 8*f**2 + 7*f - 1. Let g be a(7). Let z(n) = -13*n + 1. What is z(g)?
14
Suppose -1 = 4*c - 29. Let v(q) = -2*q + 9. Calculate v(c).
-5
Let v = -4 + 7. Let z(b) = -b**2 - 2*b + 1. Let n(u) = 3*u**2 + 5*u - 3. Let t(s) = 2*n(s) + 5*z(s). Give t(v).
8
Let j(x) = 10*x. Let v = 45 + -46. Give j(v).
-10
Let g = -8 + 10. Let f(n) = -2 - 6*n - 5*n**g + n**3 + 7*n - 2*n**2. Give f(7).
5
Let j be (-4)/(-6) - (-13)/3. Let o = j + -1. Let s(m) = 2 - m + 3 - 1. What is s(o)?
0
Let g(a) = a**3 + 3*a**2 - 2*a - 4. Let k(b) = 4*b**2 + 3*b**2 + 8*b - 6*b**2 - 3 + 2*b. Let n be k(-10). What is g(n)?
2
Let c(f) = f**3 - 6*f**2 + 4*f + 5. Suppose 6 = -k + 10. Calculate c(k).
-11
Suppose 3*o + 1 + 5 = 0. Let w(s) be the first derivative of -s**2 - 3*s - 4. Determine w(o).
1
Let l be ((-9)/12)/(3/24). Let r(j) = 2*j + 12. Let m be r(l). Let f(p) = -p**2 + 8. Give f(m).
8
Let h(j) = -j**3 - 5*j**2 - 2*j - 1. Let u(l) = l**2 - 6*l + 4. Let m be u(6). Let q be 2/(-2) - (m + 0). What is h(q)?
9
Suppose -5*b - 5*y = -55, -y + 10 + 22 = 4*b. Let p(i) = i**3 - 6*i**2 - 7*i + 5. Give p(b).
5
Let i be (-6 - -2)*9/12. Let s(h) = -h**3 - h**2 + 4*h - 1. Determine s(i).
5
Let p be (-2 - (-2 - 2))/(-2). Let l(v) be the third derivative of v**5/12 + v**3/6 - 5*v**2. Give l(p).
6
Let b = -3 - -8. Let x(n) = b*n - 3 + n**3 + n - 4 - 7*n**2 + 2. Suppose -2*l - 2*l + 24 = 0. What is x(l)?
-5
Let j(p) = -p**2 + p + 8. Let u(c) = -c**3 - 2*c**2 + 2*c + 1. Let o be u(-3). Suppose -2*m + 3 = -f, o*m = -7*f + 2*f + 27. Let l = m - 3. Determine j(l).
8
Let l = -11 + 7. Let y = l - -5. Let n(p) = 3*p + 1. Let h(x) = 9*x + 3. Let j(g) = 4*h(g) - 11*n(g). Calculate j(y).
4
Let z(u) = u**3 - 2*u**2 + 2*u - 1. Suppose 3*h = 6*h + 18. Let k(g) = g**3 + 5*g**2 - 7*g - 5. Let x be k(h). What is z(x)?
0
Let x(g) = g**2 - 2*g - 2. Let f be 50/18 + 38/171. Calculate x(f).
1
Let q(r) = r**2 + 5*r + 4. Let u be (-20)/6 + (-4)/6. Let l be q(u). Let h(y) = y**3 + 6 + 5*y - 3*y - y. Give h(l).
6
Let k(l) = -4*l + 3. Let s be (-20)/(-6) - (-5)/(-105)*7. Calculate k(s).
-9
Let z(m) = m + 9. Let n be z(-9). Let r = n - 0. Let w(j) = j**2 + j - 2. Give w(r).
-2
Let q(f) be the second derivative of -f**4/6 - 7*f**3/6 - 5*f**2/2 + 5*f. Determine q(-4).
-9
Suppose -4*o = -3*c - 16, 0 = 3*o - 2*c + 5*c - 12. Suppose -4*y - 3 - 1 = -o*x, y - 5*x = -9. Let u(h) = 3*h + 2*h + h + 1. Determine u(y).
7
Let q be (37 - 35)/((-4)/6). Let d(r) = -5*r**2 - 3*r + 7. Let p(z) = z**2 - 1. Let c(u) = -d(u) - 4*p(u). Calculate c(q).
-3
Let f(h) = -h**3 + h - 6. Let x be 9/21 + (-24)/56. What is f(x)?
-6
Let f(p) be the first derivative of 1/2*p**2 + 11*p - 3. Determine f(-5).
6
Let g(x) = -2*x + 3. Suppose -4*k + 3 = -13. Suppose k*m + 5 = 17, 2*y - 34 = -2*m. Suppose y = 5*n + 4. Calculate g(n).
-1
Let i(k) = -11*k**2 + 6*k + 3. Let n(o) = 6*o**2 - 3*o - 2. Let f(l) = 4*i(l) + 7*n(l). Suppose 0 = -4*b + 2*h + 12, 2*h - h = -2*b + 6. Determine f(b).
-11
Let u(z) = -3*z + 18. Let s(v) = v - 9. Suppose -4*r - r + 10 = 0. Let c(g) = r*u(g) + 5*s(g). Give c(-4).
-5
Let w = -25 - -20. Let m(v) = -v + 1. Calculate m(w).
6
Let z(h) = -h**2 - 3*h + 2. Let g = 40 + -44. Determine z(g).
-2
Suppose 0*g = -12*g + 48. Let o(y) = -y**2 + 2*y + y + 4 + 0. Determine o(g).
0
Let h = -6 - -8. Let z = -1 - h. Let j(n) = -n + 1. Give j(z).
4
Let n(m) = m**3 + 4*m**2 - 2*m - 6. Let d be n(-4). Suppose -3*a - d*a = 0. Let t(r) = 2 + r**2 + 1 + a + 5*r. Calculate t(-5).
3
Let i be 56/21 + (-6)/9. Let y(p) = 3*p**2 - 3*p + 7. Let c(d) = 3*d**2 - 3*d + 6. Let o(z) = -6*c(z) + 5*y(z). Determine o(i).
-7
Let b(f) = -5*f - 2. Let g(u) = -6*u - 2. Let p(r) = 5*b(r) - 4*g(r). Suppose 0 = -2*c + 5*l + 12, 0 = -6*l + 3*l - 12. Give p(c).
2
Let x(v) = v - 2. Let p = -26 + 38. Let r be (-3)/(-9)*p/2. Give x(r).
0
Let r(f) be the third derivative of f**6/120 - f**5/12 + 5*f**4/24 - 2*f**3/3 - 15*f**2. Determine r(4).
0
Let u = -8 - -10. Let t(d) = -4*d + 5*d**2 + 0*d**2 + 6 - 2*d**2 - 4*d**u. Give t(-6).
-6
Let x(n) = n**2 + 6*n**3 - 4*n**2 - n - 2 + n**2 - 4*n**3. Give x(2).
4
Let j = 276 - 280. Let f(n) be the second derivative of n**3/6 - 3*n**2/2 - n. What is f(j)?
-7
Let m(y) be the second derivative of 0 + 3*y**2 - 1/6*y**3 + 1/12*y**4 + y. Determine m(0).
6
Let p(q) = -4*q**3 + 3*q**2 - 4*q + 8. Let f(c) = -11*c**3 + 9*c**2 - 12*c + 23. Let k(b) = 6*f(b) - 17*p(b). Calculate k(2).
22
Let i(f) = f**3 - 5*f**2 + 3*f - 6. Let a = -23 + 39. Let u = -3 - -2. Let m be (1/u)/((-4)/a). Calculate i(m).
-10
Let j(f) be the third derivative of f**5/60 + f**4/24 + f**3/6 + f**2 + 95*f. Let v(w) = -w**2 - 5*w - 5. Let m be v(-4). Calculate j(m).
1
Let d(a) = 8*a + 1. Let w(t) = 8*t + 1. Let r(f) = -6*d(f) + 5*w(f). Determine r(1).
-9
Let u = 7 - 6. Suppose 12 - u = 2*f + p, -4*f + 57 = -5*p. Let r be f - (-2 - -1)*-3. Let a(y) = y - 3. Determine a(r).
2
Let p(c) = -c**2 - 3*c - 1. Suppose -2*q - 2*a - 5 - 1 = 0, 8 = 4*a. Let h = q - -17. Suppose 32 = -5*w + h. What is p(w)?
-5
Let s(g) = -g**3 + 6*g**2 - g + 6. Let l be (9/(-2))/(9/(-12)). Let x = l - -5. Suppose -x + 41 = 5*j. Give s(j).
0
Let h(r) = -r**2 + 10*r. Let m(f) = f**3 + 11*f**2 - f - 1. Let o be m(-11). Give h(o).
0
Let x(i) be the second derivative of -1/2*i**2 - 1/12*i**4 - 1/6*i**3 - 1/20*i**5 + 0 + i. Let m be x(-2). Let v(g) = -g**2 + 3*g + 6. Determine v(m).
-4
Let s(o) = -3*o - o**3 + 101*o**2 - 191*o**2 + 93*o**2. Determine s(3).
-9
Let q(i) = -2*i**2. Let u = 14 - 10. Suppose 6 = -n + u*n. What is q(n)?
-8
Let n = 3 - 1. Let v(d) = -7. Let f(u) = -u + 4. Let m(j) = -5*f(j) - 3*v(j). What is m(n)?
11
Let f(u) = -u**3 + 4*u**2 + 5. Let p = -1 + 4. Suppose -10 = -p*j + 2. Suppose 2*r - j = 4. Calculate f(r).
5
Let u(y) = -5*y + 3. Let o be u(2). Let p = o - -11. Let z(r) = -r**3 + 3*r**2 + 4*r - 1. Determine z(p).
-1
Let x(s) = -s - 4. Let d(w) = -w + 1. Let n(v) = -2*d(v) + x(v). Let b(y) = y**2 + 14*y. Let m be b(-14). Let l = m - -3. Determine n(l).
-3
Let k = 7 + -2. Let l(x) be the second derivative of 0 - 1/20*x**k - 1/6*x**3 + 5/12*x**4 + 2*x**2 + 2*x. What is l(5)?
-1
Let f(h) = -4*h - 3 - 2*h**3 - 4*h**2 + h**3 + 0. Let d be (-4)/(-42) + (-2210)/714. Determine f(d).
0
Let h(p) be the first derivative of p**3/3 + 5*p**2/2 - 6*p + 17. Determine h(-6).
0
Let h(x) = -4*x - 81 + 38 + 41. What is h(-5)?
18
Let i(q) = -1 + 34*q**2 + 1 - 30*q**2. Give i(1).
4
Let r(l) = -7*l - 3. Let u(q) = 3*q + 2. Let o(k) = -4*r(k) - 10*u(k)